t p(w) = 19*w + 1459. Let g be p(39). What is the highest common factor of g and 24?
8
Let v = 14446 + -14381. Let s be (-1)/2 + 21/6. Suppose -41 = -r - 3*j, 2*r - 7*r = -s*j - 115. Calculate the highest common factor of r and v.
13
Suppose 1095870 = 329*d + 326010. Calculate the highest common divisor of d and 108.
36
Suppose 3*o - 47 - 70 = 0. Suppose 5*i - 61 = 4*g + o, 2*i - 40 = -5*g. Let j = 145 - 65. What is the highest common divisor of j and i?
20
Let y be 4*(-2)/6 - (-646)/57. Suppose -45 = y*h - 19*h. What is the greatest common divisor of h and 15?
5
Suppose 0 = -6*z + 3*z + 48. Suppose -2*f = -4*p + 1092, -2*p - 3*f - 113 = -651. Calculate the highest common factor of z and p.
16
Let v be 1/(-4) - 193/(-4). Suppose g - 11*f - 14 = -9*f, f = 4*g - 28. Calculate the highest common factor of v and g.
6
Suppose -2*f = -4*f + 10. Let a be (2 - f/2)*-18. Suppose 0 = -q - 4*r - 2, 19*q = 20*q - 4*r - 14. What is the greatest common factor of a and q?
3
Let y be (1/2)/(11/286). Suppose -10*j + y*j = 330. What is the highest common factor of j and 20?
10
Let k = -127 - -147. Suppose n - 118 = 12. What is the highest common factor of n and k?
10
Let p be 1/1 + 1 + (0 - -2). Let f be -1 - (3 - (p + 35)). Let q = -142 - -387. Calculate the greatest common factor of q and f.
35
Let v = -9780 + 15915. What is the greatest common factor of v and 15?
15
Suppose -2586 = 11*b - 5*b. Let n = b - -455. Suppose 0 = 5*j + 12 - 52. What is the highest common factor of n and j?
8
Suppose 0*l - 9*l = 0. Suppose -10*k + 5*k + 75 = l. Calculate the greatest common factor of k and 3.
3
Let z(h) = h**3 + 12*h**2 - 20*h - 131. Let o be z(15). Calculate the greatest common divisor of 68 and o.
68
Suppose 3*l - 8 = 148. Suppose 0 = -2*v, s - 2*v - l = -3*s. What is the greatest common factor of 299 and s?
13
Let g(q) = 472*q + 3. Suppose 1 = 289*m - 288*m. Let k be g(m). Calculate the highest common divisor of k and 25.
25
Let j be ((-1)/(-3))/(2 + 33/(-18)). Let s(p) = p**2 + p. Let a be s(0). Suppose h = j, -5*f + h + h + 41 = a. What is the greatest common factor of f and 27?
9
Let n = -544 + 574. Let o(m) = -2*m**3 - 4*m**3 - 41 + 12*m**2 + 5*m**3 + 49 + m. Let d be o(12). Calculate the highest common factor of n and d.
10
Let r(m) = -m**3 - 8*m**2 + 18*m - 17. Let t be r(-10). Let y be t*1*(-55)/(-33). Suppose 54 + 1 = y*u. Calculate the greatest common factor of 99 and u.
11
Suppose 77*k - 2048 = 7577. Calculate the greatest common factor of k and 1400.
25
Let l = -11043 - -11080. Calculate the highest common divisor of l and 2405.
37
Suppose -13 = -h - 2*m + 207, 4*h = -4*m + 888. Suppose -5*k - 36*u + 35*u + h = 0, 3*k + 4*u = 148. Calculate the highest common divisor of 187 and k.
11
Let c be ((-28)/(-8))/(((-153)/(-18))/17). What is the highest common divisor of c and 9226?
7
Let v(q) = 3*q**2 + q - 1. Let b be v(-3). Suppose -7*j + 3*l = -2*j + 118, 2*j = 5*l - 51. Let g = 207 + j. What is the greatest common factor of g and b?
23
Suppose 895 = 32*u + 671. Let k = -89 - -152. What is the highest common factor of u and k?
7
Suppose 242 = 5*f + 22. Suppose -2*x - 320 - 390 = 0. Let p = -344 - x. Calculate the greatest common factor of p and f.
11
Suppose 0 = -5*p - 3*n - 23 + 98, -2*p + 9 = -3*n. Let u be p/(-28) + 513/21. Calculate the highest common factor of 56 and u.
8
Let w = 991 + -841. Calculate the greatest common divisor of w and 310.
10
Let y be 1000/3 - (-12)/18*1. Suppose -338 = -12*t + y. Calculate the greatest common factor of t and 8.
8
Let c = -17 + 24. Let r(p) = p**3 - 6 - 25*p + 34*p + c*p**2 + 18. Let y be r(-5). What is the greatest common factor of y and 68?
17
Suppose 3*o + 2*o - 2*g - 56 = 0, 0 = -5*o - 5*g + 70. Suppose -41*p + 3300 = 3*p. Suppose 2*q - p = -39. What is the highest common divisor of o and q?
6
Let g(d) be the third derivative of -28*d**2 + 3/8*d**4 + 1/30*d**5 + 3*d**3 + 0*d + 0. Let l be g(-12). Calculate the greatest common factor of l and 22.
22
Let i = 0 + 294. Let p = i - 272. Calculate the greatest common factor of p and 88.
22
Let r(c) = -4*c + 68. Let d be r(3). Let q = 116 - 60. What is the greatest common divisor of q and d?
56
Let q = -3262 + 4274. Calculate the greatest common divisor of q and 308.
44
Let r = 61 - 46. Suppose -30*p + 177 = c - 26*p, 4*p + 318 = 2*c. Calculate the greatest common factor of c and r.
15
Let c(l) = -57 - 33 + 35 - 56 - 117*l + 108*l. Let u be c(-23). Calculate the greatest common factor of 32 and u.
32
Let j be 6/(2*(-5 - -6)). Let y(g) = -g**3 - 5*g**2 - 4*g + 3. Let t be y(-4). Let u be 8*t + j + -2. Calculate the highest common factor of u and 5.
5
Suppose 2*j + 4*m - 388 = 0, 5*j = -0*j + 2*m + 934. Suppose -73 = 23*w - j. Calculate the greatest common divisor of w and 35.
5
Suppose -359367 = -153*c + 350322 + 431997. What is the highest common divisor of c and 364?
182
Let n be (-34)/(-119) - (-2056)/7. What is the highest common factor of 24 and n?
6
Suppose -15*m + 6*m + 347 - 23 = 0. Let a = 20 - -34. Calculate the greatest common factor of a and m.
18
Suppose 3*v + 5*b - 33 = -v, -v = 5*b - 27. Suppose 0*j = -0*j - j. Let o be (1 - v)*1*(-7 - j). What is the highest common divisor of o and 14?
7
Suppose 34*d - 430 = 250. Calculate the greatest common divisor of d and 1570.
10
Let s be (-3*3/(-12))/((-13)/624*-6). What is the highest common factor of s and 324?
6
Let b(k) = k**3 + 4*k**2 + k + 421. Let q be b(0). Let o = q - 401. What is the greatest common factor of o and 220?
20
Let k be (1 + 9)*9/6. Let s(n) = n**3 - 27*n**2 - 40*n - 20. Let o be s(28). Let v = -251 - o. Calculate the greatest common factor of v and k.
15
Suppose 5*i = -5*c + 115, -23*c = -5*i - 20*c + 75. What is the greatest common factor of 1722 and i?
6
Let l(u) = 13*u**2 - 9*u - 2. Let z be l(-1). Suppose -10*o + z = -0*o. What is the greatest common divisor of 5 and o?
1
Let i = 6 + -4. Let p be 254/7 + i/(-7). Let j(f) = -2*f**3 - 36*f**2 - 158*f + 47. Let q be j(-10). Calculate the highest common factor of p and q.
9
Let h = 812 + -490. Let x = -255 + h. What is the highest common divisor of x and 201?
67
Suppose 23*p - 616 = 19*p. Let g = 218 - p. What is the greatest common divisor of g and 160?
32
Let x be (-2430)/9*(-3)/9. Let v = x + -82. What is the highest common factor of 352 and v?
8
Let n be (0 + -3)*6/(-9). Let g = -778 + 788. What is the greatest common divisor of g and n?
2
Let q(p) = 5672*p**2 - 36*p - 24. Let o be q(-1). Calculate the greatest common factor of 87 and o.
29
Suppose -4*u - 4*g = 8, -4*u + g + 7 = -0. Suppose 6*q + 60 = 8*q. Suppose 3*m = -5*r + 26, 4*r - q = -4*m + 2*r. What is the highest common factor of m and u?
1
Suppose -12*k + 5 = -11*k. Let a be (k/2)/(1/12). Let p(h) = -h**2 + 5*h + 3. Let l be p(5). What is the greatest common factor of a and l?
3
Let f = 800 - 795. Suppose 3*z - 4*h = 74, f*z + h + 77 = 9*z. What is the greatest common factor of 423 and z?
9
Let x = -24198 + 24256. Calculate the highest common divisor of x and 4263.
29
Let v = 26031 - 11721. Calculate the highest common factor of v and 108.
54
Let u be (2416/(-120) + -1)*-1 - (-4)/(-30). Let w(r) = 57*r**3 - 2*r**2 + 1. Let y be w(1). Calculate the greatest common factor of u and y.
7
Let m be (-3)/(3/(-3)) + (3 - 1). Suppose -3*h + m*b + 0*b = -177, -h - 4*b = -42. Calculate the highest common divisor of h and 108.
54
Let p(s) = -139*s**3 + s**2 - 20*s - 38. Let d be p(-4). What is the highest common factor of d and 74?
74
Suppose 2*g = 3*l + 605, 0 = 79*l - 80*l + 5. Calculate the greatest common divisor of g and 150.
10
Let c(u) = -28*u - 1100. Let f be c(-44). Suppose 0 = 3*j + 5*b - 159, -3*j + 4*j - 4*b - 36 = 0. What is the highest common factor of f and j?
12
Let n = -719 + 745. Suppose 22*s - n*s = -576. What is the greatest common divisor of 36 and s?
36
Suppose -40*o = -38*o - 2, -4*r + 5*o + 1351 = 0. What is the greatest common divisor of 1243 and r?
113
Let d(z) = -10*z + 33. Let y be d(3). Suppose y*k - 82 + 52 = 0. What is the greatest common divisor of 50 and k?
10
Suppose -3*h + 4*h = -5*z + 17748, 2*z = 5*h - 88821. Let w be h/62 + 1 + 6/(-4). Calculate the greatest common factor of 26 and w.
26
Suppose -5*w = -29 - 11. Suppose 0 = n + w*n - 1431. Suppose